{"id":1943,"date":"2020-07-27T10:06:14","date_gmt":"2020-07-27T08:06:14","guid":{"rendered":"https:\/\/www.zsimplants.ch\/blog\/?page_id=1943"},"modified":"2021-02-25T19:21:55","modified_gmt":"2021-02-25T18:21:55","slug":"a-propos","status":"publish","type":"page","link":"https:\/\/www.zsimplants.ch\/blog\/fr\/a-propos\/","title":{"rendered":"\u00c0 propos de nous"},"content":{"rendered":"<section><div class=\"container\"><div class=\"row\"><div class=\"wpb_column hcode-column-container vc_col-sm-8 col-xs-mobile-fullwidth\" data-front-class=\"col-xs-mobile-fullwidth\"><div class=\"vc-column-innner-wrapper\"><p class=\"margin-right-ten xs-margin-0auto text-med\">Un chirurgien urologue fran\u00e7ais, le Dr.\u00a0Llorens, a implant\u00e9 pendant de nombreuses ann\u00e9es des proth\u00e8ses p\u00e9niennes et le seul sphincter urinaire artificiel pour incontinence s\u00e9v\u00e8re masculine du march\u00e9. Il a voulu\u00a0cr\u00e9er\u00a0de <strong>nouveaux\u00a0implants<\/strong>, <strong>plus innovants<\/strong> et <strong>adapt\u00e9s\u00a0<\/strong>\u00e0\u00a0la r\u00e9alit\u00e9 des besoins des patients et des m\u00e9decins.<\/p>\n<p class=\"margin-right-ten xs-margin-0auto text-med\">Il a cr\u00e9\u00e9 en 2007 le sphincter\u00a0urinaire artificiel\u00a0ZSI\u00a0375, puis en 2009 les implants p\u00e9niens hydrauliques et mall\u00e9ables.\u00a0Comme les autres proth\u00e8ses p\u00e9niennes du march\u00e9, ces proth\u00e8ses destin\u00e9es aux hommes cis souffrant de dysfonction \u00e9rectile ne sont pas\u00a0adapt\u00e9es aux\u00a0sp\u00e9cificit\u00e9s de la phalloplastie et\u00a0\u00e0\u00a0la morphologie\u00a0des personnes\u00a0trans. Tr\u00e8s vite, le besoin de cr\u00e9er des proth\u00e8ses pour\u00a0les personnes\u00a0FTM est apparu en 2016.<\/p>\n<p class=\"margin-right-ten xs-margin-0auto text-med\">La ligne de produits FTM a \u00e9volu\u00e9 au fil des ann\u00e9es. Ces implants sont sp\u00e9cifiquement con\u00e7us pour des chirurgies de <strong>phalloplastie<\/strong> et <strong>m\u00e9toidioplastie<\/strong>. En 2020, ZSI peut enfin lancer son endoproth\u00e8se vaginale ZSI 200 NS, un stent qui permet de faciliter le post-op\u00e9ratoire de la <strong>vaginoplastie<\/strong>.<\/p>\n<\/div><\/div><div class=\"wpb_column hcode-column-container vc_col-sm-4 col-xs-mobile-fullwidth\" data-front-class=\"col-xs-mobile-fullwidth\"><div class=\"vc-column-innner-wrapper\"><img loading=\"lazy\" decoding=\"async\" width=\"1024\" height=\"880\" src=\"https:\/\/www.zsimplants.ch\/blog\/wp-content\/uploads\/2020\/08\/a-propos-de-nous.png\" class=\"\" alt=\"\" srcset=\"https:\/\/www.zsimplants.ch\/blog\/wp-content\/uploads\/2020\/08\/a-propos-de-nous.png 1024w, https:\/\/www.zsimplants.ch\/blog\/wp-content\/uploads\/2020\/08\/a-propos-de-nous-300x258.png 300w, https:\/\/www.zsimplants.ch\/blog\/wp-content\/uploads\/2020\/08\/a-propos-de-nous-768x660.png 768w\" sizes=\"(max-width: 1024px) 100vw, 1024px\" \/><\/div><\/div><div class=\"wpb_column hcode-column-container center-col padding-five-top sm-padding-three-top xs-padding-two-top vc_col-sm-10 vc_col-lg-10 col-xs-mobile-fullwidth\" data-front-class=\"center-col padding-five-top sm-padding-three-top xs-padding-two-top col-xs-mobile-fullwidth\"><div class=\"vc-column-innner-wrapper\"><blockquote id=\"blockquoteid\" class=\" blockquoteclass\" style=\"border-left: 5px solid #e5e5e5;\">\n<p class=\"text-extra-large\">Retrouvez tous nos implants sur notre\u202fsite internet\u202fet sur les r\u00e9seaux sociaux (<a href=\"https:\/\/www.facebook.com\/ImplantsphalloplastyFTM\/\" target=\"_blank\" rel=\"noopener\">Facebook<\/a>, <a href=\"https:\/\/www.instagram.com\/implants_zsi\/\" target=\"_blank\" rel=\"noopener\">Instagram<\/a>, <a href=\"https:\/\/www.youtube.com\/channel\/UCn_9ndSskQxXJ_6xRY1C2zQ\" target=\"_blank\" rel=\"noopener\">Youtube<\/a> et <a href=\"https:\/\/www.linkedin.com\/authwall?trk=gf&amp;trkInfo=AQHkWLpOEUP7OQAAAXOlOjh4UWirGdC_B9pUFzlpOKMsSU7QQUxw8fZEAGVHGDnEfa4RT1so-pE5_fQJYyU9VQiiE_qV2ssh_ipxYtokQ2Rlb6bPY7xwQJ_3FKe8YMMfuDGPbCs=&amp;originalReferer=https:\/\/www.zsimplants.ch\/blog\/es\/acerca-de\/&amp;sessionRedirect=https%3A%2F%2Fwww.linkedin.com%2Fcompany%2Fzephyr-surgical-implants%2F%3FviewAsMember%3Dtrue\" target=\"_blank\" rel=\"noopener\">LinkedIn<\/a>). Nous sommes en contact permanent avec des chirurgiens et des patients, dont les retours d\u2019exp\u00e9rience nous nourrissent et aident \u00e0 l\u2019\u00e9volution de nos implants.<\/p>\n<p class=\"text-extra-large\">Nous faisons en sorte que nos contenus soient diversifi\u00e9s, le plus transparents, accessibles et\u202fpertinents possible pour vous informer, r\u00e9pondre \u00e0 vos interrogations et surtout accompagner les personnes dans la derni\u00e8re \u00e9tape de leur transition si c\u2019est ce qu\u2019elles souhaitent !<\/p>\n<\/blockquote>\n<\/div><\/div><\/div><\/div><\/section><section class=\"no-padding-top sm-no-padding-top xs-no-padding-top\"><div class=\"container\"><div class=\"row\"><div class=\"wpb_column hcode-column-container vc_col-sm-12 col-xs-mobile-fullwidth\" data-front-class=\"col-xs-mobile-fullwidth\"><div class=\"vc-column-innner-wrapper\"><a href=\"https:\/\/www.zsimplants.ch\/en\/find-center\/ftm-centers-map\" target=\"_blank\"><div  class=\"cover-background  bg-image-srcset\" style=\"background-image:url(https:\/\/www.zsimplants.ch\/blog\/wp-content\/uploads\/2020\/07\/map4.jpg);min-height:450px;\" data-bg-srcset=\"https:\/\/www.zsimplants.ch\/blog\/wp-content\/uploads\/2020\/07\/map4.jpg 1500w, https:\/\/www.zsimplants.ch\/blog\/wp-content\/uploads\/2020\/07\/map4-300x184.jpg 300w, https:\/\/www.zsimplants.ch\/blog\/wp-content\/uploads\/2020\/07\/map4-1024x629.jpg 1024w, https:\/\/www.zsimplants.ch\/blog\/wp-content\/uploads\/2020\/07\/map4-768x472.jpg 768w\"><div class=\"img-border\"><\/div><\/div><\/a><\/div><\/div><\/div><\/div><\/section><section class=\"no-padding-top sm-no-padding-top xs-no-padding-top\"><div class=\"container\"><div class=\"row\"><div class=\"wpb_column hcode-column-container center-col vc_col-sm-10 vc_col-lg-10 col-xs-mobile-fullwidth\" data-front-class=\"center-col col-xs-mobile-fullwidth\"><div class=\"vc-column-innner-wrapper\"><blockquote id=\"blockquoteid\" class=\" blockquoteclass\" style=\"border-left: 5px solid #e5e5e5;\">\n<p class=\"text-extra-large\">Nous esp\u00e9rons que chacun et chacune trouvera les r\u00e9ponses qu\u2019il\/elle\/iel cherche sur notre blog. N\u2019h\u00e9sitez donc surtout pas \u00e0 nous contacter, nous sommes toujours heureux de recevoir vos e-mails et vos questions. <strong>Bonne lecture et \u00e0 tr\u00e8s bient\u00f4t !<\/strong><\/p>\n<\/blockquote>\n<\/div><\/div><\/div><\/div><\/section><section class=\"no-padding\"><div class=\"container\"><div class=\"row\"><div class=\"wpb_column hcode-column-container center-col text-center sm-text-center xs-text-center no-padding sm-no-padding xs-no-padding vc_col-sm-12 col-xs-mobile-fullwidth\" data-front-class=\"center-col text-center sm-text-center xs-text-center no-padding sm-no-padding xs-no-padding col-xs-mobile-fullwidth\" data-background=#eb6608 style=\" background:#eb6608;\"><div class=\"vc-column-innner-wrapper\"><div class=\"shop-newsletter-main no-padding sm-no-padding xs-no-padding\"><div class=\"shop-newsletter\"><i class=\"medium-icon extra-small-icon margin-five no-margin-top\" style=\"color:#ffffff\"><\/i><p class=\"text-med text-uppercase letter-spacing-2 no-margin lg-display-block lg-margin-bottom-three\" style=\"color:#ffffff\">Abonnez-vous \u00e0 notre newsletter<\/p><p class=\"title-large font-weight-700 text-uppercase letter-spacing-2 lg-display-none\" style=\"color:#ffffff\">Restez en contact !<\/p><script>(function() {\n\twindow.mc4wp = window.mc4wp || {\n\t\tlisteners: [],\n\t\tforms: {\n\t\t\ton: function(evt, cb) {\n\t\t\t\twindow.mc4wp.listeners.push(\n\t\t\t\t\t{\n\t\t\t\t\t\tevent   : evt,\n\t\t\t\t\t\tcallback: cb\n\t\t\t\t\t}\n\t\t\t\t);\n\t\t\t}\n\t\t}\n\t}\n})();\n<\/script><!-- Mailchimp for WordPress v4.9.21 - https:\/\/wordpress.org\/plugins\/mailchimp-for-wp\/ --><form id=\"mc4wp-form-1\" class=\"mc4wp-form mc4wp-form-18913\" method=\"post\" data-id=\"18913\" data-name=\"Newsletter_fr\" ><div class=\"mc4wp-form-fields\"><input type=\"email\" name=\"EMAIL\" placeholder=\"email\" required \/>\r\n  <button name=\"submit\" id=\"submit_newsletter\" class=\"btn btn-medium btn-news\"><i class=\"fas fa-envelope\"><\/i><\/button><\/div><label style=\"display: none !important;\">Leave this field empty if you're human: <input type=\"text\" name=\"_mc4wp_honeypot\" value=\"\" tabindex=\"-1\" autocomplete=\"off\" \/><\/label><input type=\"hidden\" name=\"_mc4wp_timestamp\" value=\"1776168577\" \/><input type=\"hidden\" name=\"_mc4wp_form_id\" value=\"18913\" \/><input type=\"hidden\" name=\"_mc4wp_form_element_id\" value=\"mc4wp-form-1\" \/><div class=\"mc4wp-response\"><\/div><\/form><!-- \/ Mailchimp for WordPress Plugin --><\/div><\/div>[vc_empty_space height=\"25px\"]<\/div><\/div><\/div><\/div><\/section>","protected":false},"excerpt":{"rendered":"<p>Un chirurgien urologue fran\u00e7ais, le Dr.\u00a0Llorens, a implant\u00e9 pendant de nombreuses ann\u00e9es des proth\u00e8ses p\u00e9niennes et le seul sphincter urinaire artificiel pour incontinence s\u00e9v\u00e8re masculine du march\u00e9. Il a voulu\u00a0cr\u00e9er\u00a0de nouveaux\u00a0implants, plus innovants [&hellip;]<\/p>\n","protected":false},"author":1,"featured_media":27188,"parent":0,"menu_order":0,"comment_status":"closed","ping_status":"closed","template":"","meta":{"_monsterinsights_skip_tracking":false,"_monsterinsights_sitenote_active":false,"_monsterinsights_sitenote_note":"","_monsterinsights_sitenote_category":0,"footnotes":""},"yoast_head":"<!-- This site is optimized with the Yoast SEO plugin v22.1 - https:\/\/yoast.com\/wordpress\/plugins\/seo\/ -->\n<title>\u00c0 propos de nous - Zephyr Surgical Implants<\/title>\n<meta name=\"robots\" content=\"index, follow, max-snippet:-1, max-image-preview:large, max-video-preview:-1\" \/>\n<link rel=\"canonical\" href=\"https:\/\/www.zsimplants.ch\/blog\/fr\/a-propos\/\" \/>\n<meta property=\"og:locale\" content=\"en_US\" \/>\n<meta property=\"og:type\" content=\"article\" \/>\n<meta property=\"og:title\" content=\"\u00c0 propos de nous - Zephyr Surgical Implants\" \/>\n<meta property=\"og:description\" content=\"Un chirurgien urologue fran\u00e7ais, le Dr.\u00a0Llorens, a implant\u00e9 pendant de nombreuses ann\u00e9es des proth\u00e8ses p\u00e9niennes et le seul sphincter urinaire artificiel pour incontinence s\u00e9v\u00e8re masculine du march\u00e9. Il a voulu\u00a0cr\u00e9er\u00a0de nouveaux\u00a0implants, plus innovants [&hellip;]\" \/>\n<meta property=\"og:url\" content=\"https:\/\/www.zsimplants.ch\/blog\/fr\/a-propos\/\" \/>\n<meta property=\"og:site_name\" content=\"Zephyr Surgical Implants\" \/>\n<meta property=\"article:modified_time\" content=\"2021-02-25T18:21:55+00:00\" \/>\n<meta property=\"og:image\" content=\"https:\/\/www.zsimplants.ch\/blog\/wp-content\/uploads\/2021\/01\/map-zsi-1-1024x534.png\" \/>\n\t<meta property=\"og:image:width\" content=\"1024\" \/>\n\t<meta property=\"og:image:height\" content=\"534\" \/>\n\t<meta property=\"og:image:type\" content=\"image\/png\" \/>\n<meta name=\"twitter:card\" content=\"summary_large_image\" \/>\n<meta name=\"twitter:label1\" content=\"Est. reading time\" \/>\n\t<meta name=\"twitter:data1\" content=\"3 minutes\" \/>\n<script type=\"application\/ld+json\" class=\"yoast-schema-graph\">{\"@context\":\"https:\/\/schema.org\",\"@graph\":[{\"@type\":\"WebPage\",\"@id\":\"https:\/\/www.zsimplants.ch\/blog\/fr\/a-propos\/\",\"url\":\"https:\/\/www.zsimplants.ch\/blog\/fr\/a-propos\/\",\"name\":\"\u00c0 propos de nous - Zephyr Surgical Implants\",\"isPartOf\":{\"@id\":\"https:\/\/www.zsimplants.ch\/blo\/#website\"},\"datePublished\":\"2020-07-27T08:06:14+00:00\",\"dateModified\":\"2021-02-25T18:21:55+00:00\",\"breadcrumb\":{\"@id\":\"https:\/\/www.zsimplants.ch\/blog\/fr\/a-propos\/#breadcrumb\"},\"inLanguage\":\"en-US\",\"potentialAction\":[{\"@type\":\"ReadAction\",\"target\":[\"https:\/\/www.zsimplants.ch\/blog\/fr\/a-propos\/\"]}]},{\"@type\":\"BreadcrumbList\",\"@id\":\"https:\/\/www.zsimplants.ch\/blog\/fr\/a-propos\/#breadcrumb\",\"itemListElement\":[{\"@type\":\"ListItem\",\"position\":1,\"name\":\"Accueil\",\"item\":\"https:\/\/www.zsimplants.ch\/blog\/\"},{\"@type\":\"ListItem\",\"position\":2,\"name\":\"\u00c0 propos de nous\"}]},{\"@type\":\"WebSite\",\"@id\":\"https:\/\/www.zsimplants.ch\/blo\/#website\",\"url\":\"https:\/\/www.zsimplants.ch\/blo\/\",\"name\":\"Zephyr Surgical Implants\",\"description\":\"\",\"potentialAction\":[{\"@type\":\"SearchAction\",\"target\":{\"@type\":\"EntryPoint\",\"urlTemplate\":\"https:\/\/www.zsimplants.ch\/blo\/?s={search_term_string}\"},\"query-input\":\"required name=search_term_string\"}],\"inLanguage\":\"en-US\"}]}<\/script>\n<!-- \/ Yoast SEO plugin. -->","yoast_head_json":{"title":"\u00c0 propos de nous - Zephyr Surgical Implants","robots":{"index":"index","follow":"follow","max-snippet":"max-snippet:-1","max-image-preview":"max-image-preview:large","max-video-preview":"max-video-preview:-1"},"canonical":"https:\/\/www.zsimplants.ch\/blog\/fr\/a-propos\/","og_locale":"en_US","og_type":"article","og_title":"\u00c0 propos de nous - Zephyr Surgical Implants","og_description":"Un chirurgien urologue fran\u00e7ais, le Dr.\u00a0Llorens, a implant\u00e9 pendant de nombreuses ann\u00e9es des proth\u00e8ses p\u00e9niennes et le seul sphincter urinaire artificiel pour incontinence s\u00e9v\u00e8re masculine du march\u00e9. Il a voulu\u00a0cr\u00e9er\u00a0de nouveaux\u00a0implants, plus innovants [&hellip;]","og_url":"https:\/\/www.zsimplants.ch\/blog\/fr\/a-propos\/","og_site_name":"Zephyr Surgical Implants","article_modified_time":"2021-02-25T18:21:55+00:00","og_image":[{"width":1024,"height":534,"url":"https:\/\/www.zsimplants.ch\/blog\/wp-content\/uploads\/2021\/01\/map-zsi-1-1024x534.png","type":"image\/png"}],"twitter_card":"summary_large_image","twitter_misc":{"Est. reading time":"3 minutes"},"schema":{"@context":"https:\/\/schema.org","@graph":[{"@type":"WebPage","@id":"https:\/\/www.zsimplants.ch\/blog\/fr\/a-propos\/","url":"https:\/\/www.zsimplants.ch\/blog\/fr\/a-propos\/","name":"\u00c0 propos de nous - Zephyr Surgical Implants","isPartOf":{"@id":"https:\/\/www.zsimplants.ch\/blo\/#website"},"datePublished":"2020-07-27T08:06:14+00:00","dateModified":"2021-02-25T18:21:55+00:00","breadcrumb":{"@id":"https:\/\/www.zsimplants.ch\/blog\/fr\/a-propos\/#breadcrumb"},"inLanguage":"en-US","potentialAction":[{"@type":"ReadAction","target":["https:\/\/www.zsimplants.ch\/blog\/fr\/a-propos\/"]}]},{"@type":"BreadcrumbList","@id":"https:\/\/www.zsimplants.ch\/blog\/fr\/a-propos\/#breadcrumb","itemListElement":[{"@type":"ListItem","position":1,"name":"Accueil","item":"https:\/\/www.zsimplants.ch\/blog\/"},{"@type":"ListItem","position":2,"name":"\u00c0 propos de nous"}]},{"@type":"WebSite","@id":"https:\/\/www.zsimplants.ch\/blo\/#website","url":"https:\/\/www.zsimplants.ch\/blo\/","name":"Zephyr Surgical Implants","description":"","potentialAction":[{"@type":"SearchAction","target":{"@type":"EntryPoint","urlTemplate":"https:\/\/www.zsimplants.ch\/blo\/?s={search_term_string}"},"query-input":"required name=search_term_string"}],"inLanguage":"en-US"}]}},"lang":"fr","translations":{"fr":1943,"en":23251,"es":23233},"pll_sync_post":[],"_links":{"self":[{"href":"https:\/\/www.zsimplants.ch\/blog\/wp-json\/wp\/v2\/pages\/1943"}],"collection":[{"href":"https:\/\/www.zsimplants.ch\/blog\/wp-json\/wp\/v2\/pages"}],"about":[{"href":"https:\/\/www.zsimplants.ch\/blog\/wp-json\/wp\/v2\/types\/page"}],"author":[{"embeddable":true,"href":"https:\/\/www.zsimplants.ch\/blog\/wp-json\/wp\/v2\/users\/1"}],"replies":[{"embeddable":true,"href":"https:\/\/www.zsimplants.ch\/blog\/wp-json\/wp\/v2\/comments?post=1943"}],"version-history":[{"count":1,"href":"https:\/\/www.zsimplants.ch\/blog\/wp-json\/wp\/v2\/pages\/1943\/revisions"}],"predecessor-version":[{"id":25411,"href":"https:\/\/www.zsimplants.ch\/blog\/wp-json\/wp\/v2\/pages\/1943\/revisions\/25411"}],"wp:featuredmedia":[{"embeddable":true,"href":"https:\/\/www.zsimplants.ch\/blog\/wp-json\/wp\/v2\/media\/27188"}],"wp:attachment":[{"href":"https:\/\/www.zsimplants.ch\/blog\/wp-json\/wp\/v2\/media?parent=1943"}],"curies":[{"name":"wp","href":"https:\/\/api.w.org\/{rel}","templated":true}]}}