{"id":2007,"date":"2020-07-29T11:57:45","date_gmt":"2020-07-29T09:57:45","guid":{"rendered":"https:\/\/www.zsimplants.ch\/blog\/?page_id=2007"},"modified":"2021-02-25T19:09:29","modified_gmt":"2021-02-25T18:09:29","slug":"sitios-web-2","status":"publish","type":"page","link":"https:\/\/www.zsimplants.ch\/blog\/es\/sitios-web-2\/","title":{"rendered":"Sitios Web"},"content":{"rendered":"<section class=\"padding-three-tb sm-padding-three-tb\"><div class=\"container\"><div class=\"row\"><div class=\"wpb_column hcode-column-container text-center sm-text-center xs-text-center vc_col-sm-12 col-xs-mobile-fullwidth\" data-front-class=\"text-center sm-text-center xs-text-center col-xs-mobile-fullwidth\"><div class=\"vc-column-innner-wrapper\"><h3 class=\"section-title  black-text\">INFORMACI\u00d3N \u00daTIL EN RELACI\u00d3N A FTM<\/h3><\/div><\/div><div class=\"wpb_column hcode-column-container vc_col-sm-4 col-xs-mobile-fullwidth\" data-front-class=\"col-xs-mobile-fullwidth\"><div class=\"vc-column-innner-wrapper\"><div class=\"position-relative\"><a href=\"http:\/\/ftm-transsexuel.info\/\" target=\"_blank\"><img loading=\"lazy\" decoding=\"async\" width=\"374\" height=\"234\" src=\"https:\/\/www.zsimplants.ch\/blog\/wp-content\/uploads\/2021\/01\/FTM-Info-1-374x234.png\" class=\"attachment-hcode-related-post size-hcode-related-post\" alt=\"\" srcset=\"https:\/\/www.zsimplants.ch\/blog\/wp-content\/uploads\/2021\/01\/FTM-Info-1-374x234.png 374w, https:\/\/www.zsimplants.ch\/blog\/wp-content\/uploads\/2021\/01\/FTM-Info-1-133x83.png 133w\" sizes=\"(max-width: 374px) 100vw, 374px\" \/><\/a><a class=\"highlight-button-dark btn btn-very-small view-map no-margin bg-black white-text hcode-button-69d6bc8025638\" href=\"http:\/\/ftm-transsexuel.info\/\" target=\"_blank\">ftm-transsexuel.info<\/a><\/div><a href=\"http:\/\/ftm-transsexuel.info\/\" target=\"_blank\"><p class=\"text-med black-text letter-spacing-1 margin-ten no-margin-bottom text-uppercase font-weight-600 xs-margin-top-five\" >FTM-Info<\/p><\/a><p>Un sitio web en franc\u00e9s, con mucha informaci\u00f3n sobre procedimientos quir\u00fargicos, tambi\u00e9n sobre aspectos sociales y econ\u00f3micos de la transici\u00f3n para las personas FTM.<\/p>\n<div class=\"wide-separator-line bg-mid-gray no-margin-lr\" style=\"background:#eb6608;height:3px;\"><\/div><p class=\"black-text no-margin-bottom\"><strong style=\"color:#eb6608\"><\/strong> <a href=\"tel:http:\/\/ftm-transsexuel.info\/\">http:\/\/ftm-transsexuel.info\/<\/a><\/p><\/div><\/div><div class=\"wpb_column hcode-column-container vc_col-sm-4 col-xs-mobile-fullwidth\" data-front-class=\"col-xs-mobile-fullwidth\"><div class=\"vc-column-innner-wrapper\"><div class=\"position-relative\"><a href=\"http:\/\/www.ftmguide.org\/\" target=\"_blank\"><img loading=\"lazy\" decoding=\"async\" width=\"374\" height=\"234\" src=\"https:\/\/www.zsimplants.ch\/blog\/wp-content\/uploads\/2021\/01\/FTM-Guide-1-374x234.png\" class=\"attachment-hcode-related-post size-hcode-related-post\" alt=\"\" srcset=\"https:\/\/www.zsimplants.ch\/blog\/wp-content\/uploads\/2021\/01\/FTM-Guide-1-374x234.png 374w, https:\/\/www.zsimplants.ch\/blog\/wp-content\/uploads\/2021\/01\/FTM-Guide-1-133x83.png 133w\" sizes=\"(max-width: 374px) 100vw, 374px\" \/><\/a><a class=\"highlight-button-dark btn btn-very-small view-map no-margin bg-black white-text hcode-button-69d6bc802b083\" href=\"http:\/\/www.ftmguide.org\/\" target=\"_blank\">www.ftmguide.org<\/a><\/div><a href=\"http:\/\/www.ftmguide.org\/\" target=\"_blank\"><p class=\"text-med black-text letter-spacing-1 margin-ten no-margin-bottom text-uppercase font-weight-600 xs-margin-top-five\" >FTM Guide<\/p><\/a><p>Una gu\u00eda para FTM que incluye tratamientos m\u00e9dicos, presentaci\u00f3n de la imagen masculina, citas y mucho m\u00e1s.<\/p>\n<div class=\"wide-separator-line bg-mid-gray no-margin-lr\" style=\"background:#eb6608;height:3px;\"><\/div><p class=\"black-text no-margin-bottom\"><strong style=\"color:#eb6608\"><\/strong> <a href=\"tel:http:\/\/www.ftmguide.org\/\">http:\/\/www.ftmguide.org\/<\/a><\/p><\/div><\/div><div class=\"wpb_column hcode-column-container vc_col-sm-4 col-xs-mobile-fullwidth\" data-front-class=\"col-xs-mobile-fullwidth\"><div class=\"vc-column-innner-wrapper\"><div class=\"position-relative\"><a href=\"https:\/\/www.ftmsurgery.net\/\" target=\"_blank\"><img loading=\"lazy\" decoding=\"async\" width=\"374\" height=\"234\" src=\"https:\/\/www.zsimplants.ch\/blog\/wp-content\/uploads\/2021\/01\/FTM-Surgery-1-374x234.png\" class=\"attachment-hcode-related-post size-hcode-related-post\" alt=\"\" srcset=\"https:\/\/www.zsimplants.ch\/blog\/wp-content\/uploads\/2021\/01\/FTM-Surgery-1-374x234.png 374w, https:\/\/www.zsimplants.ch\/blog\/wp-content\/uploads\/2021\/01\/FTM-Surgery-1-133x83.png 133w\" sizes=\"(max-width: 374px) 100vw, 374px\" \/><\/a><a class=\"highlight-button-dark btn btn-very-small view-map no-margin bg-black white-text hcode-button-69d6bc802d574\" href=\"https:\/\/www.ftmsurgery.net\/\" target=\"_blank\">www.ftmsurgery.net<\/a><\/div><a href=\"https:\/\/www.ftmsurgery.net\/\" target=\"_blank\"><p class=\"text-med black-text letter-spacing-1 margin-ten no-margin-bottom text-uppercase font-weight-600 xs-margin-top-five\" >FTM Surgery<\/p><\/a><p>Brinda apoyo a hombres transexuales incluyendo un selecto directorio de cirujanos que realizan intervenciones quir\u00fargicas FTM de cambio de g\u00e9nero.<\/p>\n<div class=\"wide-separator-line bg-mid-gray no-margin-lr\" style=\"background:#eb6608;height:3px;\"><\/div><p class=\"black-text no-margin-bottom\"><strong style=\"color:#eb6608\"><\/strong> <a href=\"tel:https:\/\/www.ftmsurgery.net\/\">https:\/\/www.ftmsurgery.net\/<\/a><\/p><\/div><\/div><\/div><\/div><\/section><section class=\"no-padding sm-no-padding xs-no-padding\"><div class=\"container\"><div class=\"row\"><div class=\"wpb_column hcode-column-container vc_col-sm-4 col-xs-mobile-fullwidth\" data-front-class=\"col-xs-mobile-fullwidth\"><div class=\"vc-column-innner-wrapper\"><div class=\"position-relative\"><a href=\"https:\/\/www.phallo.net\/\" target=\"_blank\"><img loading=\"lazy\" decoding=\"async\" width=\"374\" height=\"234\" src=\"https:\/\/www.zsimplants.ch\/blog\/wp-content\/uploads\/2021\/01\/Phallo.net_-1-374x234.png\" class=\"attachment-hcode-related-post size-hcode-related-post\" alt=\"\" srcset=\"https:\/\/www.zsimplants.ch\/blog\/wp-content\/uploads\/2021\/01\/Phallo.net_-1-374x234.png 374w, https:\/\/www.zsimplants.ch\/blog\/wp-content\/uploads\/2021\/01\/Phallo.net_-1-133x83.png 133w\" sizes=\"(max-width: 374px) 100vw, 374px\" \/><\/a><a class=\"highlight-button-dark btn btn-very-small view-map no-margin bg-black white-text hcode-button-69d6bc802dac9\" href=\"https:\/\/www.phallo.net\/\" target=\"_blank\">www.phallo.net<\/a><\/div><a href=\"https:\/\/www.phallo.net\/\" target=\"_blank\"><p class=\"text-med black-text letter-spacing-1 margin-ten no-margin-bottom text-uppercase font-weight-600 xs-margin-top-five\" >Phallo.net<\/p><\/a><p>Una gu\u00eda acerca de la faloplast\u00eda FTM (proceso de transici\u00f3n, centros, antes y despu\u00e9s, fotos, etc).<\/p>\n<div class=\"wide-separator-line bg-mid-gray no-margin-lr\" style=\"background:#eb6608;height:3px;\"><\/div><p class=\"black-text no-margin-bottom\"><strong style=\"color:#eb6608\"><\/strong> <a href=\"tel:https:\/\/www.phallo.net\/\">https:\/\/www.phallo.net\/<\/a><\/p><\/div><\/div><div class=\"wpb_column hcode-column-container vc_col-sm-4 col-xs-mobile-fullwidth\" data-front-class=\"col-xs-mobile-fullwidth\"><div class=\"vc-column-innner-wrapper\"><div class=\"position-relative\"><a href=\"https:\/\/transguys.com\/\" target=\"_blank\"><img loading=\"lazy\" decoding=\"async\" width=\"374\" height=\"234\" src=\"https:\/\/www.zsimplants.ch\/blog\/wp-content\/uploads\/2021\/01\/Transguys-Hub-1-374x234.png\" class=\"attachment-hcode-related-post size-hcode-related-post\" alt=\"\" srcset=\"https:\/\/www.zsimplants.ch\/blog\/wp-content\/uploads\/2021\/01\/Transguys-Hub-1-374x234.png 374w, https:\/\/www.zsimplants.ch\/blog\/wp-content\/uploads\/2021\/01\/Transguys-Hub-1-133x83.png 133w\" sizes=\"(max-width: 374px) 100vw, 374px\" \/><\/a><a class=\"highlight-button-dark btn btn-very-small view-map no-margin bg-black white-text hcode-button-69d6bc802df49\" href=\"https:\/\/transguys.com\/\" target=\"_blank\">transguys.com<\/a><\/div><a href=\"https:\/\/transguys.com\/\" target=\"_blank\"><p class=\"text-med black-text letter-spacing-1 margin-ten no-margin-bottom text-uppercase font-weight-600 xs-margin-top-five\" >Transguys Hub<\/p><\/a><p>Una revista online que incluye noticias, encuestas e informaci\u00f3n adicional en relaci\u00f3n a personas trans.<\/p>\n<div class=\"wide-separator-line bg-mid-gray no-margin-lr\" style=\"background:#eb6608;height:3px;\"><\/div><p class=\"black-text no-margin-bottom\"><strong style=\"color:#eb6608\"><\/strong> <a href=\"tel:https:\/\/transguys.com\/\">https:\/\/transguys.com\/<\/a><\/p><\/div><\/div><div class=\"wpb_column hcode-column-container vc_col-sm-4 col-xs-mobile-fullwidth\" data-front-class=\"col-xs-mobile-fullwidth\"><div class=\"vc-column-innner-wrapper\"><\/div><\/div><\/div><\/div><\/section><section class=\"padding-three-tb sm-padding-three-tb\"><div class=\"container\"><div class=\"row\"><div class=\"wpb_column hcode-column-container text-center sm-text-center xs-text-center vc_col-sm-12 col-xs-mobile-fullwidth\" data-front-class=\"text-center sm-text-center xs-text-center col-xs-mobile-fullwidth\"><div class=\"vc-column-innner-wrapper\">[vc_separator css=\".vc_custom_1610438127211{padding-top: 20px !important;}\"][vc_empty_space]<h3 class=\"section-title  black-text\">RECURSOS MTF<\/h3><\/div><\/div><div class=\"wpb_column hcode-column-container vc_col-sm-4 col-xs-mobile-fullwidth\" data-front-class=\"col-xs-mobile-fullwidth\"><div class=\"vc-column-innner-wrapper\"><\/div><\/div><div class=\"wpb_column hcode-column-container vc_col-sm-4 col-xs-mobile-fullwidth\" data-front-class=\"col-xs-mobile-fullwidth\"><div class=\"vc-column-innner-wrapper\"><div class=\"position-relative\"><a href=\"https:\/\/www.mtfsurgery.net\/\" target=\"_blank\"><img loading=\"lazy\" decoding=\"async\" width=\"374\" height=\"234\" src=\"https:\/\/www.zsimplants.ch\/blog\/wp-content\/uploads\/2021\/01\/MTF-Surgery-1-374x234.png\" class=\"attachment-hcode-related-post size-hcode-related-post\" alt=\"\" srcset=\"https:\/\/www.zsimplants.ch\/blog\/wp-content\/uploads\/2021\/01\/MTF-Surgery-1-374x234.png 374w, https:\/\/www.zsimplants.ch\/blog\/wp-content\/uploads\/2021\/01\/MTF-Surgery-1-133x83.png 133w\" sizes=\"(max-width: 374px) 100vw, 374px\" \/><\/a><a class=\"highlight-button-dark btn btn-very-small view-map no-margin bg-black white-text hcode-button-69d6bc802e41c\" href=\"https:\/\/www.mtfsurgery.net\/\" target=\"_blank\">www.mtfsurgery.net<\/a><\/div><a href=\"https:\/\/www.mtfsurgery.net\/\" target=\"_blank\"><p class=\"text-med black-text letter-spacing-1 margin-ten no-margin-bottom text-uppercase font-weight-600 xs-margin-top-five\" >MTF Surgery<\/p><\/a><p>Una gu\u00eda acerca de las cirug\u00edas MTF (procedimientos m\u00e9dicos, cirujanos, fotos del antes y el despu\u00e9s, etc).<\/p>\n<div class=\"wide-separator-line bg-mid-gray no-margin-lr\" style=\"background:#eb6608;height:3px;\"><\/div><p class=\"black-text no-margin-bottom\"><strong style=\"color:#eb6608\"><\/strong> <a href=\"tel:https:\/\/www.mtfsurgery.net\/\">https:\/\/www.mtfsurgery.net\/<\/a><\/p><\/div><\/div><div class=\"wpb_column hcode-column-container vc_col-sm-4 col-xs-mobile-fullwidth\" data-front-class=\"col-xs-mobile-fullwidth\"><div class=\"vc-column-innner-wrapper\"><\/div><\/div><\/div><\/div><\/section><section class=\"padding-three-tb sm-padding-three-tb\"><div class=\"container\"><div class=\"row\"><div class=\"wpb_column hcode-column-container text-center sm-text-center xs-text-center vc_col-sm-12 col-xs-mobile-fullwidth\" data-front-class=\"text-center sm-text-center xs-text-center col-xs-mobile-fullwidth\"><div class=\"vc-column-innner-wrapper\">[vc_separator css=\".vc_custom_1610438127211{padding-top: 20px !important;}\"][vc_empty_space]<h3 class=\"section-title  black-text\">NOTICIAS LGBTQI+<\/h3><\/div><\/div><div class=\"wpb_column hcode-column-container vc_col-sm-4 col-xs-mobile-fullwidth\" data-front-class=\"col-xs-mobile-fullwidth\"><div class=\"vc-column-innner-wrapper\"><div class=\"position-relative\"><a href=\"https:\/\/www.pinknews.co.uk\/\" target=\"_blank\"><img loading=\"lazy\" decoding=\"async\" width=\"374\" height=\"234\" src=\"https:\/\/www.zsimplants.ch\/blog\/wp-content\/uploads\/2021\/01\/PinkNews-1-374x234.png\" class=\"attachment-hcode-related-post size-hcode-related-post\" alt=\"\" srcset=\"https:\/\/www.zsimplants.ch\/blog\/wp-content\/uploads\/2021\/01\/PinkNews-1-374x234.png 374w, https:\/\/www.zsimplants.ch\/blog\/wp-content\/uploads\/2021\/01\/PinkNews-1-133x83.png 133w\" sizes=\"(max-width: 374px) 100vw, 374px\" \/><\/a><a class=\"highlight-button-dark btn btn-very-small view-map no-margin bg-black white-text hcode-button-69d6bc802e8f6\" href=\"https:\/\/www.pinknews.co.uk\/\" target=\"_blank\">www.pinknews.co.uk<\/a><\/div><a href=\"https:\/\/www.pinknews.co.uk\/\" target=\"_blank\"><p class=\"text-med black-text letter-spacing-1 margin-ten no-margin-bottom text-uppercase font-weight-600 xs-margin-top-five\" >PinkNews<\/p><\/a><div class=\"wide-separator-line bg-mid-gray no-margin-lr\" style=\"background:#eb6608;height:3px;\"><\/div><p class=\"black-text no-margin-bottom\"><strong style=\"color:#eb6608\"><\/strong> <a href=\"tel:https:\/\/www.pinknews.co.uk\/\">https:\/\/www.pinknews.co.uk\/<\/a><\/p><\/div><\/div><div class=\"wpb_column hcode-column-container vc_col-sm-4 col-xs-mobile-fullwidth\" data-front-class=\"col-xs-mobile-fullwidth\"><div class=\"vc-column-innner-wrapper\"><div class=\"position-relative\"><a href=\"https:\/\/tetu.com\/\" target=\"_blank\"><img loading=\"lazy\" decoding=\"async\" width=\"374\" height=\"234\" src=\"https:\/\/www.zsimplants.ch\/blog\/wp-content\/uploads\/2021\/01\/TE\u0302TU-374x234.png\" class=\"attachment-hcode-related-post size-hcode-related-post\" alt=\"\" srcset=\"https:\/\/www.zsimplants.ch\/blog\/wp-content\/uploads\/2021\/01\/TE\u0302TU-374x234.png 374w, https:\/\/www.zsimplants.ch\/blog\/wp-content\/uploads\/2021\/01\/TE\u0302TU-133x83.png 133w\" sizes=\"(max-width: 374px) 100vw, 374px\" \/><\/a><a class=\"highlight-button-dark btn btn-very-small view-map no-margin bg-black white-text hcode-button-69d6bc802ecdc\" href=\"https:\/\/tetu.com\/\" target=\"_blank\">tetu.com<\/a><\/div><a href=\"https:\/\/tetu.com\/\" target=\"_blank\"><p class=\"text-med black-text letter-spacing-1 margin-ten no-margin-bottom text-uppercase font-weight-600 xs-margin-top-five\" >T\u00caTU<\/p><\/a><div class=\"wide-separator-line bg-mid-gray no-margin-lr\" style=\"background:#eb6608;height:3px;\"><\/div><p class=\"black-text no-margin-bottom\"><strong style=\"color:#eb6608\"><\/strong> <a href=\"tel:https:\/\/tetu.com\/\">https:\/\/tetu.com\/<\/a><\/p><\/div><\/div><div class=\"wpb_column hcode-column-container vc_col-sm-4 col-xs-mobile-fullwidth\" data-front-class=\"col-xs-mobile-fullwidth\"><div class=\"vc-column-innner-wrapper\"><div class=\"position-relative\"><a href=\"https:\/\/www.glaad.org\/\" target=\"_blank\"><img loading=\"lazy\" decoding=\"async\" width=\"374\" height=\"234\" src=\"https:\/\/www.zsimplants.ch\/blog\/wp-content\/uploads\/2021\/01\/GLAAD-1-374x234.png\" class=\"attachment-hcode-related-post size-hcode-related-post\" alt=\"\" srcset=\"https:\/\/www.zsimplants.ch\/blog\/wp-content\/uploads\/2021\/01\/GLAAD-1-374x234.png 374w, https:\/\/www.zsimplants.ch\/blog\/wp-content\/uploads\/2021\/01\/GLAAD-1-133x83.png 133w\" sizes=\"(max-width: 374px) 100vw, 374px\" \/><\/a><a class=\"highlight-button-dark btn btn-very-small view-map no-margin bg-black white-text hcode-button-69d6bc802f08b\" href=\"https:\/\/www.glaad.org\/\" target=\"_blank\">www.glaad.org<\/a><\/div><a href=\"https:\/\/www.glaad.org\/\" target=\"_blank\"><p class=\"text-med black-text letter-spacing-1 margin-ten no-margin-bottom text-uppercase font-weight-600 xs-margin-top-five\" >GLAAD<\/p><\/a><div class=\"wide-separator-line bg-mid-gray no-margin-lr\" style=\"background:#eb6608;height:3px;\"><\/div><p class=\"black-text no-margin-bottom\"><strong style=\"color:#eb6608\"><\/strong> <a href=\"tel:https:\/\/www.glaad.org\/\">https:\/\/www.glaad.org\/<\/a><\/p><\/div><\/div><\/div><\/div><\/section>","protected":false},"excerpt":{"rendered":"<p>INFORMACI\u00d3N \u00daTIL EN RELACI\u00d3N A FTMftm-transsexuel.infoFTM-InfoUn sitio web en franc\u00e9s, con mucha informaci\u00f3n sobre procedimientos quir\u00fargicos, tambi\u00e9n sobre aspectos sociales y econ\u00f3micos de la transici\u00f3n para las personas FTM. http:\/\/ftm-transsexuel.info\/www.ftmguide.orgFTM GuideUna gu\u00eda para [&hellip;]<\/p>\n","protected":false},"author":1,"featured_media":27180,"parent":0,"menu_order":0,"comment_status":"closed","ping_status":"closed","template":"","meta":{"_monsterinsights_skip_tracking":false,"_monsterinsights_sitenote_active":false,"_monsterinsights_sitenote_note":"","_monsterinsights_sitenote_category":0,"footnotes":""},"yoast_head":"<!-- This site is optimized with the Yoast SEO plugin v22.1 - https:\/\/yoast.com\/wordpress\/plugins\/seo\/ -->\n<title>Sitios Web - Zephyr Surgical Implants<\/title>\n<meta name=\"robots\" content=\"index, follow, max-snippet:-1, max-image-preview:large, max-video-preview:-1\" \/>\n<link rel=\"canonical\" href=\"https:\/\/www.zsimplants.ch\/blog\/es\/sitios-web-2\/\" \/>\n<meta property=\"og:locale\" content=\"en_US\" \/>\n<meta property=\"og:type\" content=\"article\" \/>\n<meta property=\"og:title\" content=\"Sitios Web - Zephyr Surgical Implants\" \/>\n<meta property=\"og:description\" content=\"INFORMACI\u00d3N \u00daTIL EN RELACI\u00d3N A FTMftm-transsexuel.infoFTM-InfoUn sitio web en franc\u00e9s, con mucha informaci\u00f3n sobre procedimientos quir\u00fargicos, tambi\u00e9n sobre aspectos sociales y econ\u00f3micos de la transici\u00f3n para las personas FTM. http:\/\/ftm-transsexuel.info\/www.ftmguide.orgFTM GuideUna gu\u00eda para [&hellip;]\" \/>\n<meta property=\"og:url\" content=\"https:\/\/www.zsimplants.ch\/blog\/es\/sitios-web-2\/\" \/>\n<meta property=\"og:site_name\" content=\"Zephyr Surgical Implants\" \/>\n<meta property=\"article:modified_time\" content=\"2021-02-25T18:09:29+00:00\" \/>\n<meta property=\"og:image\" content=\"https:\/\/www.zsimplants.ch\/blog\/wp-content\/uploads\/2021\/02\/carl-heyerdahl-KE0nC8-58MQ-unsplash-scaled-1.jpg\" \/>\n\t<meta property=\"og:image:width\" content=\"2560\" \/>\n\t<meta property=\"og:image:height\" content=\"1707\" \/>\n\t<meta property=\"og:image:type\" content=\"image\/jpeg\" \/>\n<meta name=\"twitter:card\" content=\"summary_large_image\" \/>\n<meta name=\"twitter:label1\" content=\"Est. reading time\" \/>\n\t<meta name=\"twitter:data1\" content=\"7 minutes\" \/>\n<script type=\"application\/ld+json\" class=\"yoast-schema-graph\">{\"@context\":\"https:\/\/schema.org\",\"@graph\":[{\"@type\":\"WebPage\",\"@id\":\"https:\/\/www.zsimplants.ch\/blog\/es\/sitios-web-2\/\",\"url\":\"https:\/\/www.zsimplants.ch\/blog\/es\/sitios-web-2\/\",\"name\":\"Sitios Web - Zephyr Surgical Implants\",\"isPartOf\":{\"@id\":\"https:\/\/www.zsimplants.ch\/blo\/#website\"},\"datePublished\":\"2020-07-29T09:57:45+00:00\",\"dateModified\":\"2021-02-25T18:09:29+00:00\",\"breadcrumb\":{\"@id\":\"https:\/\/www.zsimplants.ch\/blog\/es\/sitios-web-2\/#breadcrumb\"},\"inLanguage\":\"en-US\",\"potentialAction\":[{\"@type\":\"ReadAction\",\"target\":[\"https:\/\/www.zsimplants.ch\/blog\/es\/sitios-web-2\/\"]}]},{\"@type\":\"BreadcrumbList\",\"@id\":\"https:\/\/www.zsimplants.ch\/blog\/es\/sitios-web-2\/#breadcrumb\",\"itemListElement\":[{\"@type\":\"ListItem\",\"position\":1,\"name\":\"Accueil\",\"item\":\"https:\/\/www.zsimplants.ch\/blog\/\"},{\"@type\":\"ListItem\",\"position\":2,\"name\":\"Sitios Web\"}]},{\"@type\":\"WebSite\",\"@id\":\"https:\/\/www.zsimplants.ch\/blo\/#website\",\"url\":\"https:\/\/www.zsimplants.ch\/blo\/\",\"name\":\"Zephyr Surgical Implants\",\"description\":\"\",\"potentialAction\":[{\"@type\":\"SearchAction\",\"target\":{\"@type\":\"EntryPoint\",\"urlTemplate\":\"https:\/\/www.zsimplants.ch\/blo\/?s={search_term_string}\"},\"query-input\":\"required name=search_term_string\"}],\"inLanguage\":\"en-US\"}]}<\/script>\n<!-- \/ Yoast SEO plugin. -->","yoast_head_json":{"title":"Sitios Web - Zephyr Surgical Implants","robots":{"index":"index","follow":"follow","max-snippet":"max-snippet:-1","max-image-preview":"max-image-preview:large","max-video-preview":"max-video-preview:-1"},"canonical":"https:\/\/www.zsimplants.ch\/blog\/es\/sitios-web-2\/","og_locale":"en_US","og_type":"article","og_title":"Sitios Web - Zephyr Surgical Implants","og_description":"INFORMACI\u00d3N \u00daTIL EN RELACI\u00d3N A FTMftm-transsexuel.infoFTM-InfoUn sitio web en franc\u00e9s, con mucha informaci\u00f3n sobre procedimientos quir\u00fargicos, tambi\u00e9n sobre aspectos sociales y econ\u00f3micos de la transici\u00f3n para las personas FTM. http:\/\/ftm-transsexuel.info\/www.ftmguide.orgFTM GuideUna gu\u00eda para [&hellip;]","og_url":"https:\/\/www.zsimplants.ch\/blog\/es\/sitios-web-2\/","og_site_name":"Zephyr Surgical Implants","article_modified_time":"2021-02-25T18:09:29+00:00","og_image":[{"width":2560,"height":1707,"url":"https:\/\/www.zsimplants.ch\/blog\/wp-content\/uploads\/2021\/02\/carl-heyerdahl-KE0nC8-58MQ-unsplash-scaled-1.jpg","type":"image\/jpeg"}],"twitter_card":"summary_large_image","twitter_misc":{"Est. reading time":"7 minutes"},"schema":{"@context":"https:\/\/schema.org","@graph":[{"@type":"WebPage","@id":"https:\/\/www.zsimplants.ch\/blog\/es\/sitios-web-2\/","url":"https:\/\/www.zsimplants.ch\/blog\/es\/sitios-web-2\/","name":"Sitios Web - Zephyr Surgical Implants","isPartOf":{"@id":"https:\/\/www.zsimplants.ch\/blo\/#website"},"datePublished":"2020-07-29T09:57:45+00:00","dateModified":"2021-02-25T18:09:29+00:00","breadcrumb":{"@id":"https:\/\/www.zsimplants.ch\/blog\/es\/sitios-web-2\/#breadcrumb"},"inLanguage":"en-US","potentialAction":[{"@type":"ReadAction","target":["https:\/\/www.zsimplants.ch\/blog\/es\/sitios-web-2\/"]}]},{"@type":"BreadcrumbList","@id":"https:\/\/www.zsimplants.ch\/blog\/es\/sitios-web-2\/#breadcrumb","itemListElement":[{"@type":"ListItem","position":1,"name":"Accueil","item":"https:\/\/www.zsimplants.ch\/blog\/"},{"@type":"ListItem","position":2,"name":"Sitios Web"}]},{"@type":"WebSite","@id":"https:\/\/www.zsimplants.ch\/blo\/#website","url":"https:\/\/www.zsimplants.ch\/blo\/","name":"Zephyr Surgical Implants","description":"","potentialAction":[{"@type":"SearchAction","target":{"@type":"EntryPoint","urlTemplate":"https:\/\/www.zsimplants.ch\/blo\/?s={search_term_string}"},"query-input":"required name=search_term_string"}],"inLanguage":"en-US"}]}},"lang":"es","translations":{"en":23728,"fr":23723,"es":2007},"pll_sync_post":[],"_links":{"self":[{"href":"https:\/\/www.zsimplants.ch\/blog\/wp-json\/wp\/v2\/pages\/2007"}],"collection":[{"href":"https:\/\/www.zsimplants.ch\/blog\/wp-json\/wp\/v2\/pages"}],"about":[{"href":"https:\/\/www.zsimplants.ch\/blog\/wp-json\/wp\/v2\/types\/page"}],"author":[{"embeddable":true,"href":"https:\/\/www.zsimplants.ch\/blog\/wp-json\/wp\/v2\/users\/1"}],"replies":[{"embeddable":true,"href":"https:\/\/www.zsimplants.ch\/blog\/wp-json\/wp\/v2\/comments?post=2007"}],"version-history":[{"count":1,"href":"https:\/\/www.zsimplants.ch\/blog\/wp-json\/wp\/v2\/pages\/2007\/revisions"}],"predecessor-version":[{"id":27183,"href":"https:\/\/www.zsimplants.ch\/blog\/wp-json\/wp\/v2\/pages\/2007\/revisions\/27183"}],"wp:featuredmedia":[{"embeddable":true,"href":"https:\/\/www.zsimplants.ch\/blog\/wp-json\/wp\/v2\/media\/27180"}],"wp:attachment":[{"href":"https:\/\/www.zsimplants.ch\/blog\/wp-json\/wp\/v2\/media?parent=2007"}],"curies":[{"name":"wp","href":"https:\/\/api.w.org\/{rel}","templated":true}]}}